{"id":179,"date":"2022-11-17T10:39:33","date_gmt":"2022-11-17T09:39:33","guid":{"rendered":"https:\/\/fraw.net\/?page_id=179"},"modified":"2022-11-17T17:01:43","modified_gmt":"2022-11-17T16:01:43","slug":"filmy-i-animacje","status":"publish","type":"page","link":"https:\/\/fraw.net\/?page_id=179","title":{"rendered":"Filmy i animacje"},"content":{"rendered":"\n<p>Ka\u017cdy smartfon mo\u017ce dzi\u015b odtwarza\u0107 filmy. Miasto pe\u0142ne jest ekran\u00f3w LED, na kt\u00f3rych wy\u015bwietlaj\u0105 si\u0119 reklamy. Domy i biura pe\u0142ne s\u0105 komputer\u00f3w osobistych. Zewsz\u0105d otacza nas \u015bwiat ruchomych obraz\u00f3w. Moi klienci te\u017c chc\u0105 mie\u0107 tego rodzaju reklamy.<\/p>\n\n\n\n<p>W tej pracy pos\u0142uguj\u0119 si\u0119 programami Adobe After Effects i Adobe Premiere Pro. Spoty s\u0105 najcz\u0119\u015bciej bez d\u017awi\u0119ku, bo przeznaczone na ekrany LED. Zdarzaj\u0105 si\u0119 jednak takie, kt\u00f3re maj\u0105 \u015bcie\u017ck\u0119 d\u017awi\u0119kow\u0105. Wtedy pierwsze\u0144stwo ma d\u017awi\u0119k, bo to do niego dostosowuj\u0119 rytm zmian obrazu na ekranie.<\/p>\n\n\n\n<figure class=\"wp-block-embed is-type-video is-provider-youtube wp-block-embed-youtube wp-embed-aspect-16-9 wp-has-aspect-ratio\"><div class=\"wp-block-embed__wrapper\">\n<iframe loading=\"lazy\" title=\"RAM NH spotHD1 1\" width=\"500\" height=\"281\" src=\"https:\/\/www.youtube.com\/embed\/0J_8nI5iVsY?list=PLbpLjLcsqPzJdWTtu2e-KogtY5LIXurV0\" frameborder=\"0\" allow=\"accelerometer; autoplay; clipboard-write; encrypted-media; gyroscope; picture-in-picture; web-share\" referrerpolicy=\"strict-origin-when-cross-origin\" allowfullscreen><\/iframe>\n<\/div><\/figure>\n\n\n\n<p>Poni\u017cej kilka przyk\u0142adowych spot\u00f3w bez d\u017awi\u0119ku.<\/p>\n\n\n\n<figure class=\"wp-block-embed is-type-video is-provider-youtube wp-block-embed-youtube wp-embed-aspect-16-9 wp-has-aspect-ratio\"><div class=\"wp-block-embed__wrapper\">\n<iframe loading=\"lazy\" title=\"prw 75lat animHD\" width=\"500\" height=\"281\" src=\"https:\/\/www.youtube.com\/embed\/hzBEpNHoOCA?list=PLbpLjLcsqPzIRg5U6ZnD8VumfbC_RJSrw\" frameborder=\"0\" allow=\"accelerometer; autoplay; clipboard-write; encrypted-media; gyroscope; picture-in-picture; web-share\" referrerpolicy=\"strict-origin-when-cross-origin\" allowfullscreen><\/iframe>\n<\/div><\/figure>\n\n\n\n<p><\/p>\n","protected":false},"excerpt":{"rendered":"<p>Ka\u017cdy smartfon mo\u017ce dzi\u015b odtwarza\u0107 filmy. Miasto pe\u0142ne jest ekran\u00f3w LED, na kt\u00f3rych wy\u015bwietlaj\u0105 si\u0119 reklamy. Domy i biura pe\u0142ne s\u0105 komputer\u00f3w osobistych. Zewsz\u0105d otacza nas \u015bwiat ruchomych obraz\u00f3w. Moi klienci te\u017c chc\u0105 mie\u0107 tego rodzaju reklamy. W tej pracy pos\u0142uguj\u0119 si\u0119 programami Adobe After Effects i Adobe Premiere Pro. Spoty s\u0105 najcz\u0119\u015bciej bez d\u017awi\u0119ku, [&hellip;]<\/p>\n","protected":false},"author":1,"featured_media":0,"parent":0,"menu_order":0,"comment_status":"closed","ping_status":"closed","template":"","meta":{"footnotes":""},"class_list":["post-179","page","type-page","status-publish","hentry"],"jetpack_sharing_enabled":true,"_links":{"self":[{"href":"https:\/\/fraw.net\/index.php?rest_route=\/wp\/v2\/pages\/179","targetHints":{"allow":["GET"]}}],"collection":[{"href":"https:\/\/fraw.net\/index.php?rest_route=\/wp\/v2\/pages"}],"about":[{"href":"https:\/\/fraw.net\/index.php?rest_route=\/wp\/v2\/types\/page"}],"author":[{"embeddable":true,"href":"https:\/\/fraw.net\/index.php?rest_route=\/wp\/v2\/users\/1"}],"replies":[{"embeddable":true,"href":"https:\/\/fraw.net\/index.php?rest_route=%2Fwp%2Fv2%2Fcomments&post=179"}],"version-history":[{"count":5,"href":"https:\/\/fraw.net\/index.php?rest_route=\/wp\/v2\/pages\/179\/revisions"}],"predecessor-version":[{"id":190,"href":"https:\/\/fraw.net\/index.php?rest_route=\/wp\/v2\/pages\/179\/revisions\/190"}],"wp:attachment":[{"href":"https:\/\/fraw.net\/index.php?rest_route=%2Fwp%2Fv2%2Fmedia&parent=179"}],"curies":[{"name":"wp","href":"https:\/\/api.w.org\/{rel}","templated":true}]}}